eds digit of k?
4
Let c = -135 + 45. What is the units digit of (-24 - c) + -1*2?
4
Suppose -17*j + 55*j = 180538. What is the units digit of j?
1
Suppose 2*i - 3 = 2*q - 1, 0 = i + 4*q + 4. Suppose i = -j + 5 + 10. What is the units digit of 10/j*(-54)/(-4)?
9
Suppose t = -2*o + 30 + 100, 0 = -3*o - 5*t + 188. Suppose -3*k + 21 = o. What is the tens digit of (-350)/k - 6/(-9)?
2
What is the hundreds digit of (5 - 7) + (-10532)/(-4)?
6
Let w be ((-18)/(-15))/(8/2160). Suppose 2*y = 10*z - 5*z + 197, -4*z = 4*y - w. What is the units digit of y?
6
Suppose -6*h = 11*h - 1666. What is the tens digit of h?
9
Suppose 3*p + 3 = 2*u - 0*p, u = 2*p + 4. Let c = 10 + u. Suppose c*x + a - 32 = -2*a, 4*a = -2*x + 16. What is the units digit of x?
8
Suppose 5*k + 8*g - 18573 = 7*g, 0 = 4*k - 2*g - 14850. What is the units digit of k?
4
What is the units digit of -6 + -8 + (1870 - 2)?
4
Suppose -21 = -2*c - 3*l, 2*l = -l - 3. Let b be (0 - c/(-3)) + -4. What is the tens digit of -2 - b - -5*11?
5
Let n(k) be the third derivative of k**6/120 + 11*k**5/30 + 13*k**4/24 + 23*k**3/3 + 30*k**2. What is the tens digit of n(-21)?
1
Let o(j) = 32*j**2 + 25*j + 78. What is the hundreds digit of o(-4)?
4
Let f = 1643 - 1102. What is the units digit of f?
1
Let l(p) = -p**3 - 5*p**2 + 8*p - 4. Suppose 5*h + 0*h = 5. Let u be h/(-3) + (-80)/12. What is the tens digit of l(u)?
3
Let r = -70 - -293. What is the units digit of r?
3
Suppose 0 = 4*t - 2*f - 725 + 27, f = 3. Suppose -4*d + 4*g = -348, 2*d = 5*g + t + 13. What is the tens digit of d?
8
Suppose 5 - 19 = y. Let a be (-4)/y + (-5050)/35. What is the tens digit of 8/(-20) - a/10?
1
Suppose -22*q = -19*q - 15. What is the tens digit of (q - 8)*(-64)/6?
3
Suppose -9*h = -15*h + 24. Suppose h*m - 9*m = -705. What is the units digit of m?
1
Suppose 2*n = 20*n - 7092. What is the hundreds digit of n?
3
Let d(x) = 339*x - 418. What is the thousands digit of d(14)?
4
Let x(r) = -r**2 - 16*r - 4. Let a be x(-13). Suppose -320 = -39*p + a*p. What is the units digit of p?
0
Let a(x) = -2*x**3 + 18*x**2 - 17*x + 5. What is the units digit of a(7)?
2
What is the tens digit of 3/9*(-13 + 355)?
1
Let u(h) = h**2 + 8*h + 10. What is the hundreds digit of u(12)?
2
Let y(k) = -k + 13. Let q be y(-3). Let d(v) = v**3 - 15*v**2 - 17*v + 18. What is the units digit of d(q)?
2
Let c(l) = -l - 3. Let v be c(-7). Suppose -x + v*s - 7 = 0, 0 = -2*x - s - 0*s + 13. What is the units digit of x?
5
Let h be 157/(-1) + (8 - 3). What is the units digit of h/(-5)*(-5 - -10)?
2
Let n(v) be the third derivative of v**4/12 + 2*v**3/3 + 4*v**2. Let t be n(-3). What is the units digit of (t/(-6))/(1/78)?
6
Let q be ((-13)/6 + (-2)/(-3))*-2. Suppose q*l = -3*u + 8*u + 302, 5*l - 560 = -3*u. What is the units digit of l?
9
Let b = -2993 + 4585. What is the thousands digit of b?
1
Let z = -6 + 10. Let b(p) = p**2 - 5 + 6 + z - 1 - 8*p. What is the units digit of b(8)?
4
Let d(o) = -o**2 + 6*o + 4. Let u be d(7). Let n be (-20)/(-30)*u/(-2). Suppose -m = -5*w + 12 + n, 17 = m + w. What is the tens digit of m?
1
Suppose 11 = -17*s + 16*s. What is the units digit of 46/(-253) - 2422/s?
0
What is the hundreds digit of ((-106866)/(-90))/((-9)/(-30))?
9
Let n = -4 + -34. Let k(m) = m**2 + 10*m - 1. Let x be k(-7). Let f = x - n. What is the units digit of f?
6
Suppose -8*o + 2*o = -5*o. Let j(k) = k**2 - 5*k + 122. What is the tens digit of j(o)?
2
Let i(v) = 2*v + 12. Let t be i(-6). Suppose t = -5*g - 8*g + 1417. What is the units digit of g?
9
Let t = -6650 - -9409. What is the tens digit of t?
5
Let d = 2196 - 861. What is the hundreds digit of d?
3
Suppose -3*u = -2*t + 9297, 2*t - 19*u = -15*u + 9294. What is the units digit of t?
3
Let z(f) = 16 + f - 11 + 2*f. Let h be z(-2). What is the units digit of (-4)/h*(-19 + 39)?
0
Let r(c) = -c**3 - c + 88. Let b be r(0). Let d = 168 - b. What is the units digit of 12/8*d/12?
0
Let c be -6*(-2)/(-4) - -82. What is the units digit of 3 + c - -1 - 2?
1
Let f be (6/(-5))/(3/(-45)). Let s be (26/6)/((-2)/f). What is the units digit of -4*(-1)/(-6)*s?
6
Let g be 9*(3 - 6)/(-9). Suppose 2*j + g*j - 20 = 0. Suppose 0*d + 4*d - 48 = -j*i, -3*i - 54 = -3*d. What is the tens digit of d?
1
Let o(h) = -6*h + 2*h - 3 - 2 + 3*h. Let q be o(-8). Suppose 0 = r + 2*r - q*n - 81, 3*n = r - 37. What is the tens digit of r?
2
Let m(p) = p + 5*p - 26 + 2*p + 4*p - p**2. What is the tens digit of m(6)?
1
Suppose -2*z = 5*w - 8986, -3606 = -5*w + 3*w + 5*z. What is the tens digit of w?
9
Let a(i) = -i**3 + 31*i**2 - 9*i + 118. What is the units digit of a(29)?
9
Let v(d) = 8*d**2 + 3 + 2 + 0*d + 5 - 9*d. What is the units digit of v(-5)?
5
Let u(r) = 477*r - 10. What is the hundreds digit of u(1)?
4
Let v be (5 - 4) + (-4 - -1). What is the hundreds digit of 6*(-39)/v - 3?
1
Let c = 1669 + -963. What is the tens digit of c?
0
Let x = 104 - 176. Let s be (4/(-9))/(16/x). Suppose 56 = s*a + 2*u, 3*a + 12 = -5*u + 96. What is the units digit of a?
8
What is the hundreds digit of 3678 + 1 + 63/(-45)*-5?
6
Let k(z) = -8*z - 2. Let i be k(-1). Let u = i + -2. Suppose -5*d + d = -w + 41, -u*w - 2*d + 128 = 0. What is the tens digit of w?
3
Suppose 3*j - 10 - 2 = 0. Suppose -4*y - z + 41 = 0, 0 = 5*y - 2*y - j*z - 26. Suppose 0 = y*r - 5*r - 235. What is the tens digit of r?
4
Let w(s) = -82*s + 25. What is the tens digit of w(-4)?
5
Let k(p) = -4*p - p**2 + 0*p - 2*p. Suppose 3*g + 40 = -5*w, 15 = 8*w - 11*w. What is the units digit of k(g)?
5
Let c(j) = -j**3 - 15*j**2 - 19*j - 6. Let p be c(-15). Suppose -p = -8*g + 465. What is the tens digit of g?
9
Suppose 2*v = 5*o - 4358, -5*o - 8*v + 4364 = -4*v. What is the tens digit of o?
7
Suppose -q + 1500 = 4*q + 5*a, 5*q - 1480 = -a. Let u = q - 161. What is the hundreds digit of u?
1
What is the units digit of (-18732)/(-32) - (-3)/(-8)?
5
Suppose 2*z = -3*g - 135, -2*z = -5*g + 103 - 8. What is the units digit of (-16)/10*z/2?
8
Let w = -382 + 785. What is the units digit of w?
3
Let q(o) = -31*o + 260. What is the hundreds digit of q(-37)?
4
Let v be 4*(-5)/(-60) - (-190)/6. Suppose 2*k - 44 = v. What is the units digit of k?
8
Let a(z) = -z**3 - 6*z**2 - 4*z - 7. Let s be a(-6). Let t be s + -3 + 2 - -3. Suppose -t - 11 = -w - o, -2*o - 185 = -5*w. What is the units digit of w?
5
Let l = 21 + -53. Let q = 86 + l. Let p = q - 18. What is the units digit of p?
6
Let v(l) = -l**3 + 5*l**2 - 3*l - 1. Let n be v(3). What is the tens digit of (3/(-4))/(n/(-768))?
7
Let f = -4440 - -6273. What is the hundreds digit of f?
8
Let u(w) be the third derivative of 37*w**4/24 - 7*w**3/6 - 8*w**2. What is the tens digit of u(2)?
6
What is the tens digit of 3090/(-150)*1*(-1 + -4)?
0
Let m(i) = 4*i - 12. Suppose 1 = -l + 7. Let f be m(l). What is the tens digit of 156/(-9)*(-18)/f?
2
Suppose 2*s = -2*s + 16, -4*t - 5*s = -56. Let h be (2/4*-2)/(22/638). Let b = t - h. What is the units digit of b?
8
Let t = -466 + 2301. What is the tens digit of t?
3
Suppose 27*v = 27680 + 32179. What is the thousands digit of v?
2
Let d(i) = i - 1. Let z be d(3). Suppose 3*u = 2*u + z. Suppose u*v + 2*v - 15 = 5*h, -5*v = 4*h - 70. What is the units digit of v?
0
What is the units digit of 3*(-2)/15 + (-3374)/(-10)?
7
Suppose -4*w + 3*w + 50 = 0. Let l = 82 - w. Let o = l + -10. What is the units digit of o?
2
Suppose 0 = 3*c - 6*c. Suppose -1 - 5 = -2*k + v, 5*k - 2*v - 15 = c. Suppose 0 = 8*l - k*l - 45. What is the units digit of l?
9
Let w be 56/10 - (-2)/5. Let u be 50/(-75) + 2/(-3)*-13. Suppose -2*p + w = -u. What is the units digit of p?
7
Let s be (-2 - 69)*(2 - 1)/(-1). Let u(c) = 9*c + 4. Let r be u(-4). Let k = r + s. What is the units digit of k?
9
Let a(x) = -x**2 - 11*x + 163. What is the tens digit of a(0)?
6
Let g(x) = 2*x**2 - 2*x - 3. Suppose 2*p + 6 = -2*f, -3*p + f + 3*f - 9 = 0. What is the tens digit of g(p)?
2
Suppose 0 = -5*r - 5*i + 645, 3*r + 5*i = -r + 512. Let m = 211 - r. What is the units digit of m?
8
Let r = 45 - 49. Let l(v) = 3*v**2 - 4*v + 5. What is the units digit of l(r)?
9
Suppose 0 = 9*q - 1463 - 553. What is the tens digit of q?
2
What is the units digit of 8 - (19500/(-10) + 8)?
0
Suppose 3*i + 2*z = 734 - 245, 5*i = 3*z + 815. What is the tens digit of i?
6
Suppose -